ten millions digit of 306418445?
0
What is the hundred millions digit of 133459976?
1
What is the units digit of 56973201?
1
What is the hundreds digit of 12661830?
8
What is the units digit of 680177044?
4
What is the millions digit of 3154331177?
4
What is the ten thousands digit of 1109414152?
1
What is the ten thousands digit of 236693258?
9
What is the thousands digit of 2824267608?
7
What is the ten thousands digit of 68540993?
4
What is the hundred thousands digit of 2703942?
7
What is the hundred thousands digit of 7307269?
3
What is the hundred thousands digit of 1709176?
7
What is the thousands digit of 56637630?
7
What is the hundred thousands digit of 2104220432?
2
What is the ten millions digit of 1791028731?
9
What is the hundreds digit of 132284903?
9
What is the millions digit of 28298299?
8
What is the hundred thousands digit of 1371018588?
0
What is the hundred thousands digit of 1348876342?
8
What is the tens digit of 1549399202?
0
What is the hundred thousands digit of 7796081311?
0
What is the ten millions digit of 4053663165?
5
What is the thousands digit of 8195058?
5
What is the ten thousands digit of 2762073?
6
What is the units digit of 357662707?
7
What is the hundreds digit of 1061289062?
0
What is the hundred millions digit of 126887829?
1
What is the units digit of 5489886897?
7
What is the millions digit of 669901081?
9
What is the hundred thousands digit of 274926147?
9
What is the tens digit of 514683104?
0
What is the hundreds digit of 1157929?
9
What is the ten thousands digit of 39010106?
1
What is the thousands digit of 50834293?
4
What is the billions digit of 6388345511?
6
What is the units digit of 497658790?
0
What is the thousands digit of 1361451552?
1
What is the units digit of 58467587?
7
What is the ten millions digit of 689277136?
8
What is the hundreds digit of 666309245?
2
What is the thousands digit of 21690276?
0
What is the hundred thousands digit of 15787352?
7
What is the hundreds digit of 851327667?
6
What is the thousands digit of 98115368?
5
What is the tens digit of 6230054416?
1
What is the hundreds digit of 2771512407?
4
What is the ten millions digit of 103512178?
0
What is the hundred millions digit of 570009542?
5
What is the ten thousands digit of 126148996?
4
What is the hundreds digit of 163085126?
1
What is the hundred thousands digit of 199212116?
2
What is the hundred thousands digit of 6853724?
8
What is the tens digit of 3581728137?
3
What is the hundred millions digit of 148637057?
1
What is the ten thousands digit of 475083803?
8
What is the tens digit of 766528306?
0
What is the hundred millions digit of 1503675770?
5
What is the thousands digit of 171385283?
5
What is the hundreds digit of 26778188?
1
What is the thousands digit of 3458950347?
0
What is the hundred thousands digit of 52266268?
2
What is the hundred thousands digit of 39780214?
7
What is the ten thousands digit of 53816655?
1
What is the hundreds digit of 61261888?
8
What is the ten thousands digit of 1442657499?
5
What is the ten millions digit of 102250559?
0
What is the units digit of 4421996086?
6
What is the millions digit of 161420922?
1
What is the tens digit of 5484820940?
4
What is the thousands digit of 74791217?
1
What is the thousands digit of 86332524?
2
What is the ten millions digit of 81979155?
8
What is the tens digit of 248011109?
0
What is the hundred thousands digit of 1265017774?
0
What is the tens digit of 158217905?
0
What is the units digit of 4766743081?
1
What is the hundred millions digit of 934128143?
9
What is the tens digit of 4156375184?
8
What is the hundred millions digit of 747891153?
7
What is the hundreds digit of 13926478?
4
What is the millions digit of 23506704?
3
What is the ten millions digit of 2679146191?
7
What is the millions digit of 185125339?
5
What is the ten thousands digit of 7620971?
2
What is the ten millions digit of 140172322?
4
What is the ten millions digit of 1409773427?
0
What is the thousands digit of 96660459?
0
What is the ten thousands digit of 1176998438?
9
What is the hundred millions digit of 1039979635?
0
What is the millions digit of 167372543?
7
What is the thousands digit of 1533605001?
5
What is the tens digit of 80583117?
1
What is the hundred millions digit of 1509516800?
5
What is the billions digit of 2364752964?
2
What is the hundred millions digit of 3080221362?
0
What is the hundred thousands digit of 869887387?
8
What is the tens digit of 91000708?
0
What is the ten millions digit of 298006219?
9
What is the hundred millions digit of 153156783?
1
What is the tens digit of 1272379717?
1
What is the tens digit of 524503449?
4
What is the hundred millions digit of 3468607910?
4
What is the ten thousands digit of 1035129911?
2
What is the hundreds digit of 44670374?
3
What is the hundreds digit of 56880691?
6
What is the tens digit of 151374756?
5
What is the tens digit of 508588124?
2
What is the tens digit of 48656423?
2
What is the tens digit of 189621214?
1
What is the millions digit of 65666173?
5
What is the millions digit of 35120949?
5
What is the millions digit of 60814167?
0
What is the thousands digit of 4837869354?
9
What is the tens digit of 118247392?
9
What is the ten thousands digit of 65629084?
2
What is the millions digit of 28454222?
8
What is the thousands digit of 2862412327?
2
What is the hundreds digit of 990934832?
8
What is the ten millions digit of 3685890937?
8
What is the millions digit of 62645351?
2
What is the hundred millions digit of 1365073624?
3
What is the millions digit of 973028760?
3
What is the billions digit of 1009887687?
1
What is the millions digit of 819025564?
9
What is the tens digit of 275444173?
7
What is the hundred thousands digit of 359626149?
6
What is the ten thousands digit of 2288035604?
3
What is the units digit of 179004709?
9
What is the hundred millions digit of 430824673?
4
What is the ten thousands digit of 7665429?
6
What is the ten thousands digit of 97856506?
5
What is the hundred thousands digit of 77559538?
5
What is the hundred thousands digit of 4276940991?
9
What is the thousands digit of 149300420?
0
What is the units digit of 90585507?
7
What is the thousands digit of 154640271?
0
What is the thousands digit of 164695105?
5
What is the hundreds digit of 17249777?
7
What is the hundreds digit of 10422362?
3
What is the units digit of 71594000?
0
What is the hundred millions digit of 108685235?
1
What is the millions digit of 2730939828?
0
What is the ten thousands digit of 43112752?
1
What is the units digit of 22724190?
0
What is the thousands digit of 147869382?
9
What is the tens digit of 40000849?
4
What is the hundreds digit of 641925259?
2
What is the millions digit of 601712077?
1
What is the ten thousands digit of 16248566?
4
What is the ten millions digit of 331918484?
3
What is the hundred thousands digit of 1799865035?
8
What is the thousands digit of 53478599?
8
What is the hundreds digit of 53773113?
1
What is the units digit of 137470564?
4
What is the millions digit of 462813883?
2
What is the hundred millions digit of 226378761?
2
What is the tens digit of 1997045269?
6
What is the hundred thousands digit of 345913640?
9
What is the ten millions digit of 149400583?
4
What is the hundred millions digit of 154549494?
1
What is the units digit of 787632641?
1
What is the ten millions digit of 324841394?
2
What is the tens digit of 437371234?
3
What is the ten millions digit of 28024801?
2
What is the hundred millions digit of 150212380?
1
What is the thousands digit of 55641127?
1
What is the hundreds digit of 31509367?
3
What is the thousands digit of 236581528?
1
What is the millions digit of 332511573?
2
What is the units digit of 51773222?
2
What is the hundred millions digit of 362100443?
3
What is the units digit of 979435123?
3
What is the thousands digit of 3000184130?
4
What is the ten millions digit of 202933944?
0
What is the hundred thousands digit of 201383656?
3
What is the units digit of 3499155274?
4
What is the millions digit of 14256104?
4
What is the hundred millions digit of 889390223?
8
What is the tens digit of 70153383?
8
What is the hundred thousands digit of 1881327413?
3
What is the units digit of 490059934?
4
What is